 + 7*w = -r. Calculate the greatest common factor of w and 24.
24
Suppose a + 0*h - 4 = 3*h, 5*h = -10. Let u be ((-40)/14)/(-4*a/(-28)). What is the highest common divisor of 30 and u?
10
Let s = -455 + 936. What is the greatest common divisor of s and 52?
13
Suppose 4*o = 17 - 1. Suppose -2*w + 140 = -0*w + o*i, i + 1 = 0. Let s be (11/((-33)/18) - (2 - 2)) + 24. What is the highest common factor of s and w?
18
Let g = 59 + -5. Suppose -5*f = f - g. Let x be (-8 - 5)*18/(-39). What is the greatest common factor of x and f?
3
Let o = 14 + -12. Suppose 4*s + 3*l = 52, 4*s + 3*l = 5*s + o. Suppose -4*p = -4*a - 300, 237 = 2*p - a + 82. What is the greatest common factor of s and p?
10
Suppose 227 = -5*k + 47. Let b = k + 81. Suppose -557*u = -561*u + 72. Calculate the highest common divisor of u and b.
9
Suppose 5*r = 4*r + 1. Let i be (-2 - (-442 + 1))/(r + 0). Suppose -2*y + 3*y + u - 148 = 0, 3*y = -2*u + i. What is the greatest common divisor of 13 and y?
13
Suppose -2*i + 76 = -c, 16*i = 17*i + 5*c - 38. Suppose -2*v + i = -q - q, v - 22 = 2*q. Calculate the highest common divisor of 64 and v.
16
Let d(a) = -a**2 + 13*a + 35. Let x(o) = o**3 + 9*o**2 - 3*o - 10. Let g be x(-9). Let k be d(g). Let m = 73 + k. What is the highest common factor of m and 80?
40
Let m = -2423 - -2488. Let d(b) = b**2 - 8*b + 17. Let n be d(9). What is the greatest common divisor of m and n?
13
Suppose -555*g + 1058485 = 121*g - 1133783. What is the greatest common factor of g and 987?
141
Let a(t) = -t**2 + 6*t + 118. Let x be a(-8). Suppose 2*m = -4*l + 38, 2*m + 0 - x = 0. What is the greatest common divisor of 20 and l?
4
Suppose -5*p - 4*t + 15 = 0, -1 = 4*p + 3*t - 13. Let d be (-9)/p - (52/(-1) - 0). What is the greatest common factor of d and 196?
49
Suppose 3*n + 4*c + 503 = 1763, -5*c + 847 = 2*n. What is the highest common divisor of 648 and n?
8
Suppose -42047 - 11979 = -34*r. Calculate the greatest common divisor of 908 and r.
227
Suppose 0*x + x = -3*s, 0 = -5*s + 10. Let q(p) = -6*p + 7*p**3 + 6*p**3 + 11 - 7*p**2 - 14*p**3. Let f be q(x). What is the highest common factor of 77 and f?
11
Suppose b = 3*a - 318, -5*a - 5*b = -2*b - 516. Let f be (-2244)/(-17) - (27 + -60). Calculate the highest common factor of f and a.
15
Let l = -241 - -241. Let s be 256/8 + l/5. What is the highest common factor of s and 32?
32
Let c = 1789 + -1741. Let f(l) = -l**2 - 8*l - 6. Let s be f(-6). Suppose s*w - c - 36 = 0. Calculate the highest common divisor of w and 2.
2
Let u(l) be the second derivative of -10*l**3/3 + l**2 + 108*l. Let p be u(-2). Calculate the highest common divisor of 56 and p.
14
Let y = -101 + 149. Suppose 23 = 2*o + 5*d, -d = 5*o - 5*d - 107. Suppose 20*n = o*n + 36. What is the greatest common divisor of n and y?
12
Let c(z) = -z**2 - 30*z - 75. Let g = -292 + 265. Let p be c(g). Suppose -10 = -5*x, 2 = 3*y - 4*x + 1. What is the highest common divisor of y and p?
3
Suppose 0 = 46*r - 2498 + 14. What is the greatest common factor of r and 504?
18
Suppose 401 + 1135 = 8*n. Suppose -207*x = -211*x + n. Let w be (0 - 2 - -5)*40. What is the highest common divisor of w and x?
24
Suppose -13*w = -42*w + 58. Suppose 0 = 2*r, w*r + 84 = 11*p - 7*p. Calculate the highest common factor of p and 3.
3
Let b(g) = 139*g + 6807. Let n be b(-42). What is the greatest common divisor of 408 and n?
51
Suppose 0 = -4*c + 4*z + 328, 38*c - 2*z = 34*c + 316. Calculate the greatest common divisor of 68096 and c.
76
Let c be (-4 + 13/3)*-3. Let w be c/4 + (-6 - (-309)/(-12)). Let u = w + 40. Calculate the greatest common factor of 2 and u.
2
Let h be (1 + 12/(-9))/(6/(-72)). Let c be (-3320)/(-110) - h*1/22. Suppose 34 = y + 4. What is the greatest common divisor of y and c?
30
Suppose 750 = 5*p - 4*o, 3*p - 610*o = -605*o + 450. Let z be (-3)/(-2)*(-40)/(-1). Suppose 0 = -3*h + h + z. What is the greatest common divisor of h and p?
30
Let z = -5444 - -8139. Calculate the greatest common divisor of z and 5.
5
Suppose m - 2*d = 3*d + 38, 2*d + 62 = 3*m. Let l be (-2)/52*-3098 - (-6)/(-39). Suppose 121*v = l*v + 36. Calculate the highest common factor of v and m.
18
Let r(i) = 29*i + 483. Let n be r(15). Calculate the highest common factor of 153 and n.
153
Suppose 14*c = -111*c + 3892 + 2108. Suppose 56 = 4*g + l, -2*g = 3*g + 5*l - 55. Let d be (36/g)/(6/20). Calculate the greatest common divisor of c and d.
8
Suppose -5 = p - 7. Suppose 10 = -2*o, 2*o - 7*o = p*f + 15. Suppose -4*y + f = y. Calculate the greatest common divisor of 1 and y.
1
Let v = -40170 + 65136. What is the greatest common divisor of v and 57?
57
Suppose 0 = 105*z + 15*z - 5760. What is the highest common divisor of z and 2832?
48
Suppose -113 = 3*c - 5*z - 3507, -4534 = -4*c - 2*z. Calculate the highest common divisor of c and 44.
11
Suppose -1054*g + 1357*g - 6969 = 0. Let c = 2 + 19. Let a be c + 4*(-1)/(-2). What is the highest common divisor of g and a?
23
Let g(k) = 3*k + 1. Let o be g(7). Suppose b - 157 = 5*m, -2*m - 165 = -b + m. Suppose 194*n - b*n - 34 = 0. Calculate the highest common factor of n and o.
2
Let k be ((-1335)/25*-5)/(3/31). What is the greatest common factor of 356 and k?
89
Let v = 19 - -9. Let y be (-1)/(2/4) - v*-2. Suppose 67 = p - y. What is the greatest common divisor of 11 and p?
11
Suppose -f + i = -3*i - 24, -27 = -f + i. Suppose 0 = p + 9 - 21. Calculate the highest common factor of p and f.
4
Let i = 5322 + -5196. Calculate the highest common factor of i and 2016.
126
Suppose 3*g - 22 = -5*o, -4*g - 5*o + 1 = -25. Suppose g = 5*x - 6*x + 4*m, 41 = x + 5*m. Let u = -5 + x. What is the highest common divisor of 44 and u?
11
Suppose -5*y + 2950 + 2705 = 0. Let a be 26/(-9*14/(-189))*1. What is the highest common factor of y and a?
39
Suppose -1140*d + 5355 = -1131*d. Suppose -2*k + 0*k + 72 = -2*b, k - 4*b - 39 = 0. What is the highest common factor of k and d?
35
Let n be 41*143/(-26)*12/(-33). What is the highest common divisor of 2870 and n?
82
Let o be ((-8)/(-10))/(1/50) + -1. Suppose -o = -2*s - 5*v, -s + 23 = 5*v - 4. Calculate the highest common factor of s and 60.
12
Let y(d) = d**2 + 5*d + 6. Let r be y(-3). Suppose r = 4*x - 219 - 1201. Let s = x - 212. Calculate the greatest common factor of 11 and s.
11
Let z(m) = 35*m**2 - 19*m - 18. Let q be z(-1). Calculate the highest common divisor of q and 1350.
18
Let x(j) = -9*j + 22. Let h(v) = -17*v + 43. Let t(m) = -3*h(m) + 5*x(m). Let i be t(7). What is the highest common divisor of i and 529?
23
Suppose -4*z = 5*q - 495, z - 16 - 134 = 4*q. What is the highest common factor of z and 155?
5
Let v = 2609 + -1881. Calculate the highest common divisor of 84 and v.
28
Suppose -4*h = f - 3017, -19 = -5*f - 34. Calculate the highest common factor of h and 1057.
151
Let w be (-4)/6 + 25351/303 + 0. What is the highest common factor of 32951 and w?
83
Suppose 877 = 21*d - 167 + 120. Calculate the highest common divisor of d and 3058.
22
Let h = 343 + -174. Let z = h + -157. Calculate the greatest common factor of 4 and z.
4
Let d be (-389)/((-7)/((-14)/(-1))). Suppose -4 = 2*s, -3*a - 5*s + d = -112. Calculate the highest common factor of a and 12.
12
Let c = 384 + -116. Suppose c = 2*g + 164. What is the highest common factor of 39 and g?
13
Let v(b) = -11*b**2 + 7*b - 20. Let z be v(4). Let t = z - -170. What is the highest common divisor of t and 22?
2
Let b be 60/(-126)*3*17*-35. What is the greatest common divisor of b and 255?
85
Suppose -3*t = -s + 2, -5*t + 0*t - 26 = -3*s. Let l(q) = q**2 - 17*q + 25. Let j be l(s). Let n = 0 + 5. What is the highest common divisor of j and n?
5
Suppose 0 = -c - 2*q + 19, -q - 15 = -c - 2. Suppose -c*x + 12*x + 15 = 0. Suppose -6 = d + 4*i - 23, -4*d = -i. What is the highest common divisor of x and d?
1
Let q be (16/10)/(10/25). Let k be q - ((-1 + 0)/(-1) + 0). Let x be -2*k*(0 + 8/(-12)). What is the greatest common divisor of 36 and x?
4
Suppose 3*w + 2*k - 29 = 2*w, 3*w - 92 = -k. Let b = -18 + w. Suppose -10 = -b*j + 8*j. What is the highest common factor of 5 and j?
1
Suppose 0 = -g + 3, -3*f - 9 = -5*g + 6. Let h be (11 + -12)*-5*1 + f. Calculate the greatest common factor of h and 55.
5
Let m be 1 + ((-21)/(-6))/(4/32). Suppose 3*j = -2*h + 2*j + m, 2*